{"id":9,"date":"2015-11-28T17:48:22","date_gmt":"2015-11-28T17:48:22","guid":{"rendered":"http:\/\/numclick.com.br\/studiotutzy\/?page_id=9"},"modified":"2016-01-28T16:39:42","modified_gmt":"2016-01-28T16:39:42","slug":"acontece","status":"publish","type":"page","link":"https:\/\/studiotutzy.com.br\/index.php\/acontece\/","title":{"rendered":"Acontece"},"content":{"rendered":"<div class=\"prod-cont\">\n<div id=\"g1-custom-posts-shortcode-1\" class=\"g1-custom-posts-shortcode g1-shortcode\">\n\n<!-- BEGIN: .g1-collection -->\n<div class=\"g1-collection g1-collection--grid g1-collection--one-half g1-collection--simple g1-effect-none\">\n    <ul><!-- --><li class=\"g1-collection__item\">\n        <article itemscope itemtype=\"http:\/\/schema.org\/BlogPosting\" id=\"post-700\" class=\"post-700 post type-post status-publish format-standard has-post-thumbnail category-facebook category-noticias category-personal-branding tag-imagem_pessoal tag-life_coaching tag-personal_branding tag-studio_tutzy tag-vida g1-brief\">\n    <figure class=\"entry-featured-media\">\n<a href=\"https:\/\/studiotutzy.com.br\/index.php\/2016\/02\/05\/imagem-pessoal-x-proposito-de-vida-na-comunidade-parte-1\/\" id=\"g1-frame-1\" class=\"g1-frame g1-frame--none g1-frame--inherit g1-frame--center\"><span class=\"g1-decorator\">\n\t\t\t\t<img loading=\"lazy\" decoding=\"async\" width=\"482\" height=\"271\" src=\"https:\/\/studiotutzy.com.br\/wp-content\/uploads\/2016\/02\/MG_8454-482x271.jpg\" class=\"attachment-g1_one_half size-g1_one_half wp-post-image\" alt=\"\" srcset=\"https:\/\/studiotutzy.com.br\/wp-content\/uploads\/2016\/02\/MG_8454-482x271.jpg 482w, https:\/\/studiotutzy.com.br\/wp-content\/uploads\/2016\/02\/MG_8454-320x180.jpg 320w, https:\/\/studiotutzy.com.br\/wp-content\/uploads\/2016\/02\/MG_8454-239x134.jpg 239w\" sizes=\"(max-width: 482px) 100vw, 482px\" \/>\n\t\t\t\t<span class=\"g1-indicator g1-indicator-document\"><\/span>\n<\/span><\/a>\n<\/figure>\n    <div class=\"g1-nonmedia\">\n        <div class=\"g1-inner\">\n            <header class=\"entry-header\">\n                <h3><a href=\"https:\/\/studiotutzy.com.br\/index.php\/2016\/02\/05\/imagem-pessoal-x-proposito-de-vida-na-comunidade-parte-1\/\" title=\"Imagem pessoal x Prop\u00f3sito de vida, na Comunidade, parte 1.\" >Imagem pessoal x Prop\u00f3sito de vida, na Comunidade, parte 1.<\/a><\/h3>                            <\/header><!-- .entry-header -->\n\n            <div class=\"entry-summary\"><p>Imagem pessoal x Prop\u00f3sito de vida, na Comunidade, parte 1. Ol\u00e1! N\u00f3s tivemos o prazer em sermos convidados a trabalhar com a ONG &#8211; MANGALO, no Projeto Favela Fashion e\u00a0levamos\u00a0para as meninas de 13 a 15 anos da Comunidade Morro do Sab\u00e3o, em S\u00e3o Paulo, a import\u00e2ncia dos cuidados pessoais, como se vestir, comportar e [&hellip;]<\/p>\n<\/div>\n            <footer class=\"entry-footer\">\n                                <div class=\"g1-meta entry-terms\">\n                    <div class=\"entry-categories\"><div><span>Posted in:<\/span><ul><li><a href=\"https:\/\/studiotutzy.com.br\/index.php\/category\/facebook\/\" rel=\"tag\">facebook<\/a><\/li><li><a href=\"https:\/\/studiotutzy.com.br\/index.php\/category\/noticias\/\" rel=\"tag\">noticias<\/a><\/li><li><a href=\"https:\/\/studiotutzy.com.br\/index.php\/category\/personal-branding\/\" rel=\"tag\">Personal Branding<\/a><\/li><\/ul><\/div><\/div>                                    <\/div>\n                \n                            <\/footer><!-- .entry-footer -->\n        <\/div>\n        <div class=\"g1-01\"><\/div>\n    <\/div>\n\n<\/article><!-- .post-XX -->    <\/li><!-- --><\/ul>\n<\/div>\n<!-- END: .g1-collection -->\n\n<\/div>\n<\/div>\n","protected":false},"excerpt":{"rendered":"","protected":false},"author":1,"featured_media":0,"parent":0,"menu_order":0,"comment_status":"closed","ping_status":"closed","template":"","meta":{"footnotes":""},"_links":{"self":[{"href":"https:\/\/studiotutzy.com.br\/index.php\/wp-json\/wp\/v2\/pages\/9"}],"collection":[{"href":"https:\/\/studiotutzy.com.br\/index.php\/wp-json\/wp\/v2\/pages"}],"about":[{"href":"https:\/\/studiotutzy.com.br\/index.php\/wp-json\/wp\/v2\/types\/page"}],"author":[{"embeddable":true,"href":"https:\/\/studiotutzy.com.br\/index.php\/wp-json\/wp\/v2\/users\/1"}],"replies":[{"embeddable":true,"href":"https:\/\/studiotutzy.com.br\/index.php\/wp-json\/wp\/v2\/comments?post=9"}],"version-history":[{"count":14,"href":"https:\/\/studiotutzy.com.br\/index.php\/wp-json\/wp\/v2\/pages\/9\/revisions"}],"predecessor-version":[{"id":636,"href":"https:\/\/studiotutzy.com.br\/index.php\/wp-json\/wp\/v2\/pages\/9\/revisions\/636"}],"wp:attachment":[{"href":"https:\/\/studiotutzy.com.br\/index.php\/wp-json\/wp\/v2\/media?parent=9"}],"curies":[{"name":"wp","href":"https:\/\/api.w.org\/{rel}","templated":true}]}}